{"id":455,"date":"2026-01-20T00:46:16","date_gmt":"2026-01-19T23:46:16","guid":{"rendered":"http:\/\/160.12.0.5:8089\/?page_id=455"},"modified":"2026-01-20T02:40:42","modified_gmt":"2026-01-20T01:40:42","slug":"deconnexion","status":"publish","type":"page","link":"https:\/\/xcorelinks.com\/index.php\/deconnexion\/","title":{"rendered":"Deconnexion"},"content":{"rendered":"\t\t<div data-elementor-type=\"wp-page\" data-elementor-id=\"455\" class=\"elementor elementor-455\">\n\t\t\t\t<div class=\"elementor-element elementor-element-d49c2eb e-flex e-con-boxed e-con e-parent\" data-id=\"d49c2eb\" data-element_type=\"container\" data-e-type=\"container\">\n\t\t\t\t\t<div class=\"e-con-inner\">\n\t\t\t\t<div class=\"elementor-element elementor-element-b9ae5ef elementor-widget elementor-widget-spacer\" data-id=\"b9ae5ef\" data-element_type=\"widget\" data-e-type=\"widget\" data-widget_type=\"spacer.default\">\n\t\t\t\t\t\t\t<div class=\"elementor-spacer\">\n\t\t\t<div class=\"elementor-spacer-inner\"><\/div>\n\t\t<\/div>\n\t\t\t\t\t\t<\/div>\n\t\t\t\t\t<\/div>\n\t\t\t\t<\/div>\n\t\t<div class=\"elementor-element elementor-element-424d3fa e-flex e-con-boxed e-con e-parent\" data-id=\"424d3fa\" data-element_type=\"container\" data-e-type=\"container\">\n\t\t\t\t\t<div class=\"e-con-inner\">\n\t\t\t\t<div class=\"elementor-element elementor-element-7e2033b elementor-widget elementor-widget-shortcode\" data-id=\"7e2033b\" data-element_type=\"widget\" data-e-type=\"widget\" data-widget_type=\"shortcode.default\">\n\t\t\t\t\t\t\t<div class=\"elementor-shortcode\">  \r\n  <div class=\"xcore-logout-wrap\">\r\n    <div class=\"xcore-logout-card\">\r\n      <div class=\"xcore-logout-icon\">\u2705<\/div>\r\n      <h2 class=\"xcore-logout-title\">Vous \u00eates d\u00e9connect\u00e9<\/h2>\r\n      <p class=\"xcore-logout-text\">\r\n        Votre session a \u00e9t\u00e9 ferm\u00e9e avec succ\u00e8s.<br>\r\n        Redirection automatique vers l\u2019accueil\u2026\r\n      <\/p>\r\n\r\n      <a class=\"xcore-logout-btn\" href=\"https:\/\/xcorelinks.com\/index.php\/accueil\/\">\r\n        Retour \u00e0 l\u2019accueil\r\n      <\/a>\r\n    <\/div>\r\n  <\/div>\r\n\r\n  <style>\r\n    .xcore-logout-wrap{\r\n      max-width:520px;\r\n      margin:60px auto;\r\n      padding:10px;\r\n    }\r\n    .xcore-logout-card{\r\n      background:#ffffff;\r\n      border-radius:18px;\r\n      padding:28px 26px;\r\n      border:1px solid rgba(0,0,0,0.08);\r\n      box-shadow:0 12px 30px rgba(0,0,0,0.08);\r\n      text-align:center;\r\n      font-family:Arial, sans-serif;\r\n    }\r\n    .xcore-logout-icon{\r\n      font-size:42px;\r\n      margin-bottom:10px;\r\n    }\r\n    .xcore-logout-title{\r\n      margin:0 0 10px 0;\r\n      font-size:22px;\r\n      font-weight:800;\r\n      color:#111;\r\n    }\r\n    .xcore-logout-text{\r\n      margin:0 0 18px 0;\r\n      font-size:15px;\r\n      color:#333;\r\n      line-height:1.6;\r\n    }\r\n    .xcore-logout-btn{\r\n      display:inline-block;\r\n      padding:12px 18px;\r\n      border-radius:14px;\r\n      background:#0b5cff;\r\n      color:#fff !important;\r\n      text-decoration:none;\r\n      font-weight:700;\r\n      font-size:15px;\r\n    }\r\n    .xcore-logout-btn:hover{\r\n      opacity:0.92;\r\n    }\r\n  <\/style>\r\n\r\n  <script>\r\n    \/\/ Ne redirige pas dans l'\u00e9diteur Elementor\r\n    (function(){\r\n      if (window.elementorFrontend && window.elementorFrontend.isEditMode && window.elementorFrontend.isEditMode()) {\r\n        return;\r\n      }\r\n      setTimeout(function(){\r\n        window.location.href = \"https:\\\/\\\/xcorelinks.com\\\/index.php\\\/accueil\\\/\";\r\n      }, 3000);\r\n    })();\r\n  <\/script>\r\n\r\n  <\/div>\n\t\t\t\t\t\t<\/div>\n\t\t\t\t\t<\/div>\n\t\t\t\t<\/div>\n\t\t\t\t<\/div>\n\t\t","protected":false},"excerpt":{"rendered":"","protected":false},"author":1,"featured_media":0,"parent":0,"menu_order":0,"comment_status":"closed","ping_status":"closed","template":"","meta":{"site-sidebar-layout":"no-sidebar","site-content-layout":"","ast-site-content-layout":"full-width-container","site-content-style":"default","site-sidebar-style":"default","ast-global-header-display":"","ast-banner-title-visibility":"","ast-main-header-display":"","ast-hfb-above-header-display":"","ast-hfb-below-header-display":"","ast-hfb-mobile-header-display":"","site-post-title":"disabled","ast-breadcrumbs-content":"","ast-featured-img":"disabled","footer-sml-layout":"","ast-disable-related-posts":"","theme-transparent-header-meta":"","adv-header-id-meta":"","stick-header-meta":"","header-above-stick-meta":"","header-main-stick-meta":"","header-below-stick-meta":"","astra-migrate-meta-layouts":"default","ast-page-background-enabled":"default","ast-page-background-meta":{"desktop":{"background-color":"var(--ast-global-color-5)","background-image":"","background-repeat":"repeat","background-position":"center center","background-size":"auto","background-attachment":"scroll","background-type":"","background-media":"","overlay-type":"","overlay-color":"","overlay-opacity":"","overlay-gradient":""},"tablet":{"background-color":"","background-image":"","background-repeat":"repeat","background-position":"center center","background-size":"auto","background-attachment":"scroll","background-type":"","background-media":"","overlay-type":"","overlay-color":"","overlay-opacity":"","overlay-gradient":""},"mobile":{"background-color":"","background-image":"","background-repeat":"repeat","background-position":"center center","background-size":"auto","background-attachment":"scroll","background-type":"","background-media":"","overlay-type":"","overlay-color":"","overlay-opacity":"","overlay-gradient":""}},"ast-content-background-meta":{"desktop":{"background-color":"var(--ast-global-color-4)","background-image":"","background-repeat":"repeat","background-position":"center center","background-size":"auto","background-attachment":"scroll","background-type":"","background-media":"","overlay-type":"","overlay-color":"","overlay-opacity":"","overlay-gradient":""},"tablet":{"background-color":"var(--ast-global-color-4)","background-image":"","background-repeat":"repeat","background-position":"center center","background-size":"auto","background-attachment":"scroll","background-type":"","background-media":"","overlay-type":"","overlay-color":"","overlay-opacity":"","overlay-gradient":""},"mobile":{"background-color":"var(--ast-global-color-4)","background-image":"","background-repeat":"repeat","background-position":"center center","background-size":"auto","background-attachment":"scroll","background-type":"","background-media":"","overlay-type":"","overlay-color":"","overlay-opacity":"","overlay-gradient":""}},"footnotes":""},"class_list":["post-455","page","type-page","status-publish","hentry"],"_links":{"self":[{"href":"https:\/\/xcorelinks.com\/index.php\/wp-json\/wp\/v2\/pages\/455","targetHints":{"allow":["GET"]}}],"collection":[{"href":"https:\/\/xcorelinks.com\/index.php\/wp-json\/wp\/v2\/pages"}],"about":[{"href":"https:\/\/xcorelinks.com\/index.php\/wp-json\/wp\/v2\/types\/page"}],"author":[{"embeddable":true,"href":"https:\/\/xcorelinks.com\/index.php\/wp-json\/wp\/v2\/users\/1"}],"replies":[{"embeddable":true,"href":"https:\/\/xcorelinks.com\/index.php\/wp-json\/wp\/v2\/comments?post=455"}],"version-history":[{"count":25,"href":"https:\/\/xcorelinks.com\/index.php\/wp-json\/wp\/v2\/pages\/455\/revisions"}],"predecessor-version":[{"id":488,"href":"https:\/\/xcorelinks.com\/index.php\/wp-json\/wp\/v2\/pages\/455\/revisions\/488"}],"wp:attachment":[{"href":"https:\/\/xcorelinks.com\/index.php\/wp-json\/wp\/v2\/media?parent=455"}],"curies":[{"name":"wp","href":"https:\/\/api.w.org\/{rel}","templated":true}]}}